*m**2 - 9*m - 1. Let y(q) = -5*q**2 - 10*q - 1. Let s(l) = -6*g(l) + 5*y(l). What is s(b)?
-4
Let h(a) = 5*a**2 - 12*a + 20. Let i(m) = 4*m**2 - 11*m + 19. Let k(p) = -3*h(p) + 4*i(p). Determine k(6).
4
Let t(n) be the third derivative of -1/60*n**5 - 9*n**2 + 0 + 0*n + 5/24*n**4 + 5/6*n**3. Suppose -r + 5*r = 24. Determine t(r).
-1
Let s(h) = -h**3 + h**2 + h - 8. Suppose m - 5*m + 12 = 0. Suppose 0 = 4*k + 5*a, m*a = 2*k + 6*a. Calculate s(k).
-8
Let s(t) = 0 + 2*t + 4 + t**2 + 1 + 0 + 0*t**2. Determine s(-4).
13
Let z(p) = 2*p**2 - 2*p - 28. Let s(l) = -2*l**2 + 2*l + 27. Let d(i) = -5*s(i) - 4*z(i). Let r(v) be the first derivative of d(v). Give r(2).
6
Suppose -1 = -d + 3*q, -2*d - 2*d - 41 = 3*q. Let p be 3 + 0 - (-4 - d). Let x(b) be the first derivative of -3*b**2 + 2. What is x(p)?
6
Let t = 35 + 10. Suppose 2*u + t - 5 = 0. Let y = u + 14. Let l(j) = j + 4. Give l(y).
-2
Let o = 139 + -136. Let t(w) = -2*w**3 + o*w**3 + 768*w - 769*w. Determine t(1).
0
Let b(l) = 13*l**3 + 25*l**2 - 5*l. Let c(z) = -7*z**3 - 13*z**2 + 3*z. Let q(s) = 6*b(s) + 11*c(s). Give q(-7).
-21
Suppose -3*j - 9 = 3*r + 24, 0 = r + 5. Let s(b) = -6*b - 15. Let f(u) = -5*u - 12. Let c(n) = -5*f(n) + 4*s(n). Give c(j).
-6
Let y be (38/76)/((-2)/(-144)). Suppose y = 16*v - 28. Let t(k) = -2*k**2 + 5*k + 2. Determine t(v).
-10
Let g(p) = -p**3 + 4*p**2 - p - 1. Suppose 5*a + 37 = 3*m, -28 + 38 = 5*m + 2*a. Give g(m).
-5
Let r(c) be the first derivative of c**4/4 + 3*c**3 - 11*c**2/2 + 8*c - 109. Give r(-10).
18
Suppose 0*v = 4*v - 8. Let h(f) = 3*f**3 + 21*f**2 + 4*f + 2. Let x(l) = 5*l**3 + 37*l**2 + 7*l + 4. Let g(i) = 7*h(i) - 4*x(i). Give g(v).
2
Let c(s) = s - 1. Suppose 3*d + 5 + 44 = 5*r, 0 = 3*r + d - 21. Let k be c(r). Let o(n) = n**3 - 8*n**2 + 7*n - 2. What is o(k)?
-2
Let c(t) = 3*t**3 + 14*t**2 + 8*t - 17. Let d be (-108)/16 + 2/(-8). Let f(n) = 2*n**3 + 9*n**2 + 5*n - 11. Let k(m) = d*f(m) + 5*c(m). Determine k(-6).
-2
Let j(k) be the first derivative of k**4/4 - 7*k**3/3 + 4*k**2 - 3*k - 220. What is j(6)?
9
Let r(q) be the second derivative of q**4/12 - 9*q**2/2 - 10*q + 6. Let p(z) = -z + 6. Let i be p(6). Calculate r(i).
-9
Let u = 99 - 80. Suppose -66 = 17*b + u. Let r(s) = -s**3 - 4*s**2 + 5*s - 5. Calculate r(b).
-5
Let c(w) be the first derivative of -3/2*w**2 + 4*w - 17. What is c(-3)?
13
Let a(m) be the first derivative of -m**5/20 + m**4/3 - m**3/6 + 11*m + 7. Let s(d) be the first derivative of a(d). What is s(4)?
-4
Let c(r) = -3*r - 3. Let l = -4 + 5. Suppose -4*s + l = -7. Suppose 2*i = 3*i - n, s*n = -6. Determine c(i).
6
Suppose 10 = -3*u - 8. Let t(b) = -9*b**3 - 5*b**2 + 7*b - 13. Let d(k) = 5*k**3 + 2*k**2 - 4*k + 7. Let c(j) = -7*d(j) - 4*t(j). Determine c(u).
3
Let a(y) = 5*y**3 + 4*y**2 + 6*y - 14. Let x = 42 + -37. Let i(v) = 6*v**3 + 3*v**2 + 6*v - 15. Let p(f) = x*a(f) - 4*i(f). What is p(-7)?
-3
Let o(g) = g**3 + 7*g**2 + 8*g + 7. Suppose 0 = 4*m - 11 - 1. Let t = -6 + 30. Suppose m*d = 7*d + t. Determine o(d).
-5
Let m be 6 + ((-110)/(-11) - 4). Let y(k) be the second derivative of -1/6*k**4 + 7/10*k**5 - m*k - 1/3*k**3 - 1/2*k**2 + 0. Calculate y(-1).
-15
Let u = 64 + -63. Let a(q) = q. Let h(d) = -d**2 - 4*d + 1. Let o(c) = u*h(c) - 3*a(c). Calculate o(-5).
11
Let x(h) = -h + 5. Let v(m) = -m**3 + 30*m**2 + 32*m - 17. Let o be v(31). Calculate x(o).
-9
Let h(n) be the second derivative of n**4/4 + n**3/6 + n**2/2 - n. Let y(s) = 105*s**2 + 7*s + 6. Let a be y(-1). Let v be (-3)/(-21) - a/91. Calculate h(v).
3
Let p(u) = 4*u - 3*u + 4 + 0 + 2. Let t be ((-3)/9)/(2/36). Give p(t).
0
Let o = 88 + -85. Let u(g) be the second derivative of 1/12*g**4 - g**2 - 1/2*g**o + 0 + 7*g. Determine u(3).
-2
Let g = 1793 - 1801. Let v(m) = m**3 + 9*m**2 + 10*m - 3. What is v(g)?
-19
Suppose 0 = -4*n - 5*f + 47, 0*n = -n + 3*f - 1. Let g(b) = -b**2 + 12*b - 5. What is g(n)?
27
Let z(v) = -v**3 + 15*v**2 - v + 2. Let o be z(15). Let g(x) = -19*x - 13. Let q(y) = 9*y + 6. Let r(f) = o*q(f) - 6*g(f). Calculate r(2).
-6
Let z be 1/(-4) + 2/8. Let j(c) be the first derivative of c**3/3 - 11*c - 250. Determine j(z).
-11
Let c(i) = -5*i - 5 + 4*i - 4*i + 0*i + 4*i. Determine c(6).
-11
Let k(n) be the first derivative of -n**4/12 + 5*n**3/6 - 5*n**2/2 + 25*n + 29. Let d(v) be the first derivative of k(v). Calculate d(4).
-1
Let v be 6 - 5 - (2 + -1). Suppose v*a + 4*a = 4*f - 4, -4*f = -a - 10. Let k(s) = -4*s + 3. What is k(f)?
-9
Let c(w) = -51 + w**3 + 100 - 50. Let q(x) = 7*x**3 + 4*x**2 - 6*x - 8. Let d(h) = 6*c(h) - q(h). Determine d(-5).
-3
Let r(a) = a**3 - 9*a**2 + 11*a - 8. Suppose -17*h - 7*h + 192 = 0. Determine r(h).
16
Let a(s) = -2*s - 2. Let c be a(-2). Let v(o) = 2*o + 6907 - 6909 - 8*o. Give v(c).
-14
Let c(r) = -r**3 + 3*r**2 - r + 1. Let k be c(0). Let o(n) = n**2 - 2*n + 1. Determine o(k).
0
Suppose -l - 4*l = 2*h + 7, -l + 13 = 2*h. Let t = h - 6. Let v(g) = -g**3 + 2*g**2 - 2*g. What is v(t)?
-15
Suppose 0*s = 7*s + 308. Let h = 44 + s. Let n(v) = -6 + 1 - v - 4. Give n(h).
-9
Let x be (-25)/5 + 3 - -7. Suppose 3*o + 33 = 3*r, 0 = x*o - 2*r + 5 + 35. Let n(k) be the second derivative of k**3/6 + 5*k**2/2 + k. Determine n(o).
-1
Suppose -106*s = -117*s - 66. Let z(b) = -3*b - 7. Let h(c) = -5*c - 13. Let k(d) = -4*h(d) + 7*z(d). Calculate k(s).
9
Let s(x) = 3*x. Let o = 672 - 679. Determine s(o).
-21
Let f = 43 + -37. Let h(n) = -7*n**2 - 7*n + 8. Let l(g) = -6*g**2 - 7*g + 7. Let s(m) = f*l(m) - 5*h(m). Give s(-5).
12
Let d(v) be the second derivative of -v**4/12 + v**3/3 - 2*v**2 + 29*v. Suppose 2*i + 0*n = -2*n, 18 = 2*i - 4*n. Calculate d(i).
-7
Let i(j) be the first derivative of -3*j**4/2 + j - 58. What is i(1)?
-5
Let j(x) = -x**3 - 5*x**2 - 4*x + 3. Suppose c - 15 = 3*n, 0 = -8*n + 4*n + 3*c - 25. What is j(n)?
3
Let o(y) = -4 + 7 + y + 9. Give o(0).
12
Let p(l) be the first derivative of -l**3/3 + 8*l**2 - 12*l + 471. Give p(8).
52
Let t(b) = -b**2 + 9*b - 7. Suppose 25*c - 115 = 110. Calculate t(c).
-7
Let v = -378 - -397. Let q(h) = -h + 24. Calculate q(v).
5
Let h be (38/(-9) - -4) + (-4)/(-18). Let p(f) = h*f**2 - 71 + 71 - f**2. Calculate p(3).
-9
Let i(r) = -2*r**3 - r**2 - 2*r - 1. Suppose w + f + 95 = 3*f, 4*w + 396 = 4*f. Let p = 105 + w. Give i(p).
-25
Let x be (-6*3/42)/(9/(-63)). Let i(c) be the second derivative of -c**4/12 + c**2 + 4*c. Calculate i(x).
-7
Let u be (-4)/6*(-132)/(-11). Let b(l) = -l**2 - 8*l - 6. Give b(u).
-6
Let z(o) be the second derivative of -27*o + 1/3*o**3 + 0 - 1/2*o**2. Calculate z(2).
3
Let r = 6 - 3. Let v be 54/6 - r*1. Let q(x) = x - 9. Calculate q(v).
-3
Let o(j) be the third derivative of -11*j**2 + 1/24*j**4 + 1/6*j**3 + 0*j + 0 - 1/30*j**5. What is o(3)?
-14
Suppose d - 2 = -0*d, 4*f = 2*d - 20. Let i(v) = -2*v**2 - 2*v + 3. Give i(f).
-21
Let o(q) = q**3 - 2*q**2 - 9*q + 11. Let p be o(-5). Let y = -113 - p. Let v(t) = t**3 - 8*t**2 + 6*t + 5. Determine v(y).
-31
Let d(i) = -57*i - 129. Let t be d(-2). Let m(v) = v**2 + 14*v - 10. What is m(t)?
5
Let n(v) = -155*v**3 + 154*v**3 + 1 - 214*v**2 + 215*v**2. What is n(2)?
-3
Suppose -y + p = 2*y, -2*y + 2*p = -4. Let f(b) = -12*b**2 - 3*b**3 + 12*b**2 + 2*b + 2. Let c(a) = a**3 - a - 1. Let q(v) = 9*c(v) + 4*f(v). Give q(y).
3
Suppose -c = -f + 6*f - 10, 4 = -2*c - 2*f. Suppose 4*l + 5*u = 96, 0 = 2*l - 3*u - 8 - 62. Let s(h) = l + 2*h + 40 - 69. Calculate s(c).
-10
Let d(t) be the second derivative of t**3/6 + 5*t**2/2 + 14*t - 4. Suppose -f + 2*f = -10. Let v = f + 16. Determine d(v).
11
Let q(z) = -z**3 - 4*z**2 + 5*z - 3. Suppose 2*u = 4*u - 30. Let r = u + -20. What is q(r)?
-3
Let j(w) = -12 + 9 + 8 + 3*w - 3. Give j(3).
11
Let w(v) = -v**3 + 1. Let y = 30 + -20. Suppose -p - y = p, -2*p = 3*r + 10. What is w(r)?
1
Let k(g) = 0*g**2 + 2303*g + 3*g**2 - 2304*g. Suppose 0 = -t + 2. Suppose -4 = -o - 5*r, 3*o - 3*r + 8 = t. Calculate k(o).
4
Let g(j) = 0 + 3 + j - 1. Let l(b) = b**2 + b - 6. Let w be l(-3). Calculate g(w).
2
Suppose 17*s = -s - 108. Let k(p) = -9*p**3 - 5*p**2 + 5*p - 6. Let u(x) = -8*x**3 - 4*x**2 + 4*x - 5. Let l(t) = s*u(t) + 5*k(t). What is l(1)?
3
Let r = 47 - 53. Let y(x) = 2*x + 1. Calculate y(r).
-11
Let j(i) = -i**3 + 8*i**2 - 4*i - 11. Let g = -222 + 229. Give j(g).
10
Let b(w) = w**3 - 11*